 be r(j). What are the prime factors of (11580/t)/((-3)/(-4))?
193
Suppose 21765 = 23*c - 14391. List the prime factors of (c/8)/(((-15)/(-12))/5).
2, 3, 131
Suppose g - 1 = -17. What are the prime factors of (-1204)/(-224) - (-6)/g?
5
Let g = -11 - -165. Let f = 40 + g. What are the prime factors of f?
2, 97
Suppose 3139 = 23*a - 22*a + 5*k, -5*a = -3*k - 15751. What are the prime factors of a?
47, 67
Let g(x) = -6*x - 8. Let q be g(-2). Suppose 0 = 4*b + q*u - 4852, 22*b + 3632 = 25*b - 4*u. List the prime factors of b.
2, 3, 101
Suppose 4*l = 5*l + l. Suppose -z + 56 = -5*c, l = 5*z - c - 33 - 319. Suppose -z = -t - 18. List the prime factors of t.
53
Let k be -4 + (-7)/(14/(-4)). Let n be (-1)/k*77 - 30/60. List the prime factors of ((-2)/1)/(-1)*n/4.
19
Let q(i) = 66*i + 1. Let w be q(2). Let r = w + -106. Let k = 0 + r. List the prime factors of k.
3
Suppose -2386 = 20*r + 11774. Let g = r + 1625. What are the prime factors of g?
7, 131
Let n(u) = 28*u**3 + 4*u**2 + 2*u - 2. Let b be n(2). Let x = b + -32. Let m = 475 - x. What are the prime factors of m?
5, 53
Let y(t) = 2*t + 5. Let q be y(-6). Let w = 12 + q. Let o(p) = 3*p**2 - 6*p + 2. List the prime factors of o(w).
47
Let x = 40 + -184. Let r = 223 - x. List the prime factors of r.
367
Suppose 71*b = 73*b + 4*j - 4582, -5*b = 3*j - 11441. What are the prime factors of b?
2287
Suppose -6*i = -16 - 8. Let n be (-16)/40 + 2/20*i. Suppose n = 5*l - 14 - 31. What are the prime factors of l?
3
Let l be (-4)/14 - (-108)/378. Let u(r) = 8*r**3 + 5*r**2 - 3*r - 4. Let h be u(4). Suppose l*p = 4*p - h. List the prime factors of p.
2, 3
Suppose 94008 - 28609 = 17*k. List the prime factors of k.
3847
Suppose a - 4*a + 38 = -g, 0 = -a + 3*g + 26. Let k(i) = 13 + i**3 + 6*i + a*i + 6*i + 14*i**2. List the prime factors of k(-12).
5
Let t = 363 + -352. List the prime factors of t*49 - 0/29.
7, 11
Let y(p) = -6*p**2 + 4*p + 9. Let s(x) = 25*x**2 - 16*x - 37. Let l(h) = -2*s(h) - 9*y(h). Suppose -4*j + 91 = 75. What are the prime factors of l(j)?
41
Let x = 568 + -446. Suppose -135*a = -x*a - 4563. List the prime factors of a.
3, 13
What are the prime factors of (-93)/(-9)*(-96444)/(-94)?
2, 3, 19, 31
Suppose 0 = 3*n - 3*l - 1598 - 19417, 0 = 2*n - 5*l - 14007. What are the prime factors of n?
2, 31, 113
Suppose -2*p = -3*p + 5. Suppose -7*y = -p*y - 3278. Suppose 10*v = -v + y. List the prime factors of v.
149
Let o(s) = -4*s + 212. Suppose -2*q - 8 = -0. Let b be q - (2/(-2) - 3). What are the prime factors of o(b)?
2, 53
Let w(y) = y**2 - 26*y + 12. Let p be w(26). Suppose 6*x = -p + 30. Suppose -8*i + x*i = -805. List the prime factors of i.
7, 23
Suppose -162 - 25 = -h. Suppose 162*c - h = 161*c. List the prime factors of c.
11, 17
Let d(j) be the second derivative of j**5/20 - 7*j**4/12 - 2*j**3/3 - 9*j**2/2 - 97*j + 2. Let i be -10*((-8)/5)/2. What are the prime factors of d(i)?
23
Let u = -1052 - -44410. List the prime factors of u.
2, 7, 19, 163
Let c(g) = -g**2 + 6*g - 5. Let x be c(6). What are the prime factors of (2/(-2))/(-2*x/(-630))?
3, 7
Suppose -15 = -2*y - y, -5*y + 25 = 4*i. Suppose i = -23*c + 3*c + 10960. List the prime factors of c.
2, 137
Suppose -4*q + 2*w = -521 + 83, 3*q + 2*w - 325 = 0. Let l = 204 - q. What are the prime factors of l?
5, 19
Suppose 14804 = 5*z - j, -11*j + 11852 = 4*z - 14*j. What are the prime factors of z?
2, 5, 37
Let c be 3*28/12*(-3 + 2). List the prime factors of (-8 - c)*1191/6*-2.
397
Let r = 50386 - 2507. List the prime factors of r.
13, 29, 127
Let b(g) be the first derivative of 5*g**3/3 - 17*g**2/2 + 7*g - 39. Let v be (14/(-6))/(6/(-18)). List the prime factors of b(v).
7, 19
Let j(f) = 70*f - 12. Let u = 33 - 31. What are the prime factors of j(u)?
2
Let j be (-2)/((4/(-20))/((-103)/5)). Let c = 411 + j. List the prime factors of c.
5, 41
Let c(b) = -b**3 - 11*b**2 + 2*b + 26. Let v be c(-11). Suppose 215 = v*w - 5. List the prime factors of (-2)/(10/w*-1).
11
Let x(h) = 53*h + 47*h - 140*h - 83 - 226*h - 106*h. List the prime factors of x(-3).
1033
List the prime factors of -4*((-34)/578 + 54534/(-34)).
2, 401
Let v be 2/(-3) + 16/6. Suppose 15 = 3*i + 2*p, -3*p = 3*i - 14 + 2. Suppose -5*n + 760 = 5*u, -n - i*u = -v*u - 156. List the prime factors of n.
151
Suppose 0 = -4119*k + 4118*k + 2118. List the prime factors of k.
2, 3, 353
Let w = 157 - 153. Suppose 2*g - 1308 = -4*k, -3294 = 5*g - 10*g - w*k. What are the prime factors of g?
2, 331
Suppose -3*b + 2*g = -22, b + 0*g - 3*g = 19. Suppose 1113 = 5*x + 2*s, 0*x = x + b*s - 219. List the prime factors of x.
223
Let p = -6 + 70. List the prime factors of ((-4)/(p/2796))/((-9)/24).
2, 233
Let x(f) = 9038*f**3 + 2*f**2 - 52*f + 50. List the prime factors of x(1).
2, 4519
Suppose 33*x - 133829 = 27*x + 114331. List the prime factors of x.
2, 5, 11, 47
Let a = -53 - -47. Let j be 2*(28/(-8) + 2) - a. Suppose -j*k = -8*z + 5*z + 264, 0 = -2*k. List the prime factors of z.
2, 11
Let a(k) = -48*k + 46. Let r(h) = 768*h - 729. Let l(b) = 33*a(b) + 2*r(b). List the prime factors of l(-15).
2, 3, 5, 13
Let r(l) = -l**3 + 11*l**2 - 8*l + 6. Let j be r(7). Let q = j + -85. Let o = q - -6. What are the prime factors of o?
67
List the prime factors of 25/9 - 3 - 2850779/(-171).
3, 5557
Let x be ((-12670)/12)/(-35) + 2/(-12). Let s = 3 - -4. Suppose -s*c - x + 891 = 0. What are the prime factors of c?
3, 41
Let i(d) = 122*d + 86. List the prime factors of i(63).
2, 29, 67
Let p = -166 + 9076. List the prime factors of p.
2, 3, 5, 11
Let t be 53346/60 + -3 + 58/20. Let m = -134 + t. What are the prime factors of m?
5, 151
Suppose 97 = 2*d + 565. Let j = 487 + d. What are the prime factors of j?
11, 23
Suppose -6*v - 96 = -2*v. Let x = 34 + v. List the prime factors of (-3 - x/(-4))/(2/(-28)).
7
Let w be ((-70)/4)/(1/(-12)). Let c = -206 - -84. Let v = c + w. List the prime factors of v.
2, 11
Let m(j) = -j**2 - 20*j - 91. Let x be m(-8). Suppose -v + 6*v = 2*u - 1235, x*u - 3098 = 2*v. List the prime factors of u.
2, 5, 31
Let p(a) = 3*a + 17. Let g be p(-4). Suppose b - g*b - 1520 = 4*x, -2*b = 5*x + 1915. Let n = -153 - x. What are the prime factors of n?
2, 29
Suppose 3*s = -4*s + s + 36264. List the prime factors of s.
2, 1511
List the prime factors of 40/6*(4/(-9) + (-14692)/(-9)).
2, 5, 17
What are the prime factors of ((-10 - -12)*536)/((-16)/(-984))?
2, 3, 41, 67
Let s(i) = -5*i**2 - 27. Let t(g) = -16*g**2 - 80. Let r(p) = 17*s(p) - 6*t(p). What are the prime factors of r(-7)?
2, 5, 7
Suppose -4*l - 3*b = -0*l - 132, -32 = -l - b. Suppose -l*n + 44*n = 4992. What are the prime factors of n?
2, 3, 13
Let n(v) = 94*v + 177. Let z(r) = 472*r + 884. Let i(h) = 16*n(h) - 3*z(h). What are the prime factors of i(12)?
2, 3, 103
Let a(l) = l**3 - 66*l**2 + 513*l + 142. List the prime factors of a(67).
2, 19501
Let b = 16952 - 3567. What are the prime factors of b?
5, 2677
Let r = -31259 + 47873. What are the prime factors of r?
2, 3, 13, 71
Let o(y) = -y**3 - 53*y**2 - 82*y + 79. List the prime factors of o(-54).
13, 571
Let m be 2*2 + -3 + -7. Let f be (3/m)/(4/(-8)) - 58. Let i = f - -84. List the prime factors of i.
3
Suppose 2*m + 5*u = 3*u + 24, 3*m - 5*u = 4. Suppose 2*q - 696 = -q. Suppose m*w + q = 12*w. List the prime factors of w.
2, 29
List the prime factors of 48304 - (8 - (-21 + 26)).
11, 4391
Let h = -10081 + 18694. What are the prime factors of h?
3, 11, 29
Suppose 2*y = -11 - 27. Suppose -5*o + 335 = 330. List the prime factors of (0 + o)/(y/(-3667)).
193
Let l = -41 + 45. Let x(g) = -144*g - l + 138*g - 13. What are the prime factors of x(-9)?
37
Suppose 211140 = 219*w - 150*w. What are the prime factors of w?
2, 3, 5, 17
Let l(h) = -2*h**3 + 4*h**2 + 14*h + 12. Let y be l(-5). Let n = y + -111. List the prime factors of n.
181
Suppose 22610 = 3*b - 15382. List the prime factors of b.
2, 1583
Suppose -21711 = -8*s - 1071. Suppose -o = -3*j - 17 + s, j + 5*o = 849. Suppose 0 = -12*p + 886 + j. List the prime factors of p.
5, 29
Let d = 330 - 266. List the prime factors of d/(22/16 - 35/28).
2
Let x(h) = -h**3 + 66*h**2 - 253*h + 137. List the prime factors of x(60).
79, 83
Let u(c) = 2*c**3 - 12*c**2 - 33*c - 3. Let o be u(8). Let m(q) = 13*q. Let j be m(1). Let g = j - o. What 